{"id":1124,"date":"2025-01-11T13:09:46","date_gmt":"2025-01-11T13:09:46","guid":{"rendered":"https:\/\/anitas.ch\/?page_id=1124"},"modified":"2025-07-15T15:56:10","modified_gmt":"2025-07-15T15:56:10","slug":"organetik","status":"publish","type":"page","link":"https:\/\/anitas.ch\/?page_id=1124","title":{"rendered":"Organetik"},"content":{"rendered":"\n<figure class=\"wp-block-image alignleft size-full is-resized\"><a href=\"https:\/\/anitas.ch\/wp-content\/uploads\/2025\/01\/webmail-2.cyon_.ch_-1.jpeg\"><img loading=\"lazy\" decoding=\"async\" width=\"180\" height=\"240\" src=\"https:\/\/anitas.ch\/wp-content\/uploads\/2025\/01\/webmail-2.cyon_.ch_-1.jpeg\" alt=\"\" class=\"wp-image-1134\" style=\"width:196px;height:auto\" srcset=\"https:\/\/anitas.ch\/wp-content\/uploads\/2025\/01\/webmail-2.cyon_.ch_-1.jpeg 180w, https:\/\/anitas.ch\/wp-content\/uploads\/2025\/01\/webmail-2.cyon_.ch_-1-45x60.jpeg 45w, https:\/\/anitas.ch\/wp-content\/uploads\/2025\/01\/webmail-2.cyon_.ch_-1-68x90.jpeg 68w\" sizes=\"auto, (max-width: 180px) 100vw, 180px\" \/><\/a><\/figure>\n\n\n\n<p><strong>Was ist Organetik?<\/strong><\/p>\n\n\n\n<p>Organetik ist ein Bioresonanzverfahren, das auf Quantenphysik und Impulstechnologie basiert. Jeder Mensch, jedes Tier und jede Materie hat eine eigene, individuelle Eigenschwingung. Negative Erfahrungen und ungel\u00f6ste Emotionen (wie \u00c4ngste oder Traumas) k\u00f6nnen diese Schwingungen st\u00f6ren und Blockaden im energetischen System verursachen.<\/p>\n\n\n\n<p><strong>Wie funktioniert die Organetik-Anwendung?<\/strong><\/p>\n\n\n\n<p>Mit Hilfe eines Tensor\u00a0wird die St\u00f6rung im energetischen System \u00fcber das Unterbewusstsein des Klienten aufgesp\u00fcrt. Anschliessend werden die Blockaden durch gezielte Harmonisierung gel\u00f6st. Dies stellt die nat\u00fcrlichen Eigenschwingungen wieder her und aktiviert die Selbstheilungskr\u00e4fte des K\u00f6rpers.<\/p>\n\n\n\n<figure class=\"wp-block-image alignleft size-full is-resized\"><a href=\"https:\/\/anitas.ch\/wp-content\/uploads\/2025\/01\/webmail.cyon_.ch_.jpeg\"><img loading=\"lazy\" decoding=\"async\" width=\"180\" height=\"240\" src=\"https:\/\/anitas.ch\/wp-content\/uploads\/2025\/01\/webmail.cyon_.ch_.jpeg\" alt=\"\" class=\"wp-image-1133\" style=\"width:197px;height:auto\" srcset=\"https:\/\/anitas.ch\/wp-content\/uploads\/2025\/01\/webmail.cyon_.ch_.jpeg 180w, https:\/\/anitas.ch\/wp-content\/uploads\/2025\/01\/webmail.cyon_.ch_-45x60.jpeg 45w, https:\/\/anitas.ch\/wp-content\/uploads\/2025\/01\/webmail.cyon_.ch_-68x90.jpeg 68w\" sizes=\"auto, (max-width: 180px) 100vw, 180px\" \/><\/a><\/figure>\n\n\n\n<p><strong>Nutzen der Organetik:<\/strong><\/p>\n\n\n\n<p>Die Anwendung f\u00f6rdert das k\u00f6rperliche und seelische Wohlbefinden, indem sie Energieblockaden aufl\u00f6st und die Balance von K\u00f6rper, Geist und Seele wiederherstellt. So k\u00f6nnen sich Symptome wie Stress, innere Unruhe oder Schmerzen verringern und die Lebensqualit\u00e4t insgesamt verbessern.<\/p>\n\n\n\n<p><\/p>\n","protected":false},"excerpt":{"rendered":"<p>Was ist Organetik? Organetik ist ein Bioresonanzverfahren, das auf Quantenphysik und Impulstechnologie basiert. Jeder Mensch, jedes Tier und jede Materie hat eine eigene, individuelle Eigenschwingung. Negative Erfahrungen und ungel\u00f6ste Emotionen (wie \u00c4ngste oder Traumas) k\u00f6nnen diese Schwingungen st\u00f6ren und Blockaden<\/p>\n","protected":false},"author":2,"featured_media":0,"parent":0,"menu_order":0,"comment_status":"closed","ping_status":"closed","template":"","meta":{"_bbp_topic_count":0,"_bbp_reply_count":0,"_bbp_total_topic_count":0,"_bbp_total_reply_count":0,"_bbp_voice_count":0,"_bbp_anonymous_reply_count":0,"_bbp_topic_count_hidden":0,"_bbp_reply_count_hidden":0,"_bbp_forum_subforum_count":0,"jetpack_post_was_ever_published":false,"footnotes":""},"class_list":["post-1124","page","type-page","status-publish","hentry"],"jetpack_sharing_enabled":true,"jetpack_shortlink":"https:\/\/wp.me\/P80yvZ-i8","_links":{"self":[{"href":"https:\/\/anitas.ch\/index.php?rest_route=\/wp\/v2\/pages\/1124","targetHints":{"allow":["GET"]}}],"collection":[{"href":"https:\/\/anitas.ch\/index.php?rest_route=\/wp\/v2\/pages"}],"about":[{"href":"https:\/\/anitas.ch\/index.php?rest_route=\/wp\/v2\/types\/page"}],"author":[{"embeddable":true,"href":"https:\/\/anitas.ch\/index.php?rest_route=\/wp\/v2\/users\/2"}],"replies":[{"embeddable":true,"href":"https:\/\/anitas.ch\/index.php?rest_route=%2Fwp%2Fv2%2Fcomments&post=1124"}],"version-history":[{"count":13,"href":"https:\/\/anitas.ch\/index.php?rest_route=\/wp\/v2\/pages\/1124\/revisions"}],"predecessor-version":[{"id":1248,"href":"https:\/\/anitas.ch\/index.php?rest_route=\/wp\/v2\/pages\/1124\/revisions\/1248"}],"wp:attachment":[{"href":"https:\/\/anitas.ch\/index.php?rest_route=%2Fwp%2Fv2%2Fmedia&parent=1124"}],"curies":[{"name":"wp","href":"https:\/\/api.w.org\/{rel}","templated":true}]}}